(l) = -l**2 + 20*l - 15. Let s be n(18). List the prime factors of v/s*1*-7.
2, 5
Suppose 0*a - 15 = -3*a. Suppose -a*p - 3*m = -721, 5*m - 294 = 3*p - 747. What are the prime factors of p?
2, 73
List the prime factors of (-15)/20 + 16026/24.
23, 29
Let j be (-14)/105 + (-1 - 1742/(-15)). Let v = 202 - j. What are the prime factors of v?
3, 29
Let n = 13 - 120. Let x = n - -142. List the prime factors of x.
5, 7
Suppose -2*a + 15 = 3*a. Let k(b) = -b**3 + 7*b**2 - b + 4. List the prime factors of k(a).
37
Let c = -115 - 175. Let m = c - -435. List the prime factors of m.
5, 29
Suppose 4*c + 3*s = 7 + 1, -2*c - s = -2. List the prime factors of (271/(1/(-1)))/c.
271
Let m(g) = -62*g**3 + g**2 + 7*g + 4. What are the prime factors of m(-2)?
2, 5, 7
List the prime factors of (-8 + 7785/60)/((-2)/(-8)).
487
Suppose -u - 8*u = -18. Suppose 2*h - 576 = u*m, m + m = -4*h + 1140. What are the prime factors of h?
2, 11, 13
Let f(x) = x**2 + 36*x**3 - 23*x**3 + 24*x**3 + x - 1. Let i be ((-138)/(-92))/((-6)/(-4)). What are the prime factors of f(i)?
2, 19
Suppose -94*n + 40068 = -73*n. What are the prime factors of n?
2, 3, 53
Let v(a) = a**3 + 16*a**2 - 39*a + 7. What are the prime factors of v(-18)?
61
Let o = -103 + 15. What are the prime factors of (-15)/(-6)*o/(-10)?
2, 11
Let p(j) = 54*j - 40. Let f(m) = -11*m + 8. Let r(q) = -11*f(q) - 2*p(q). List the prime factors of r(7).
83
List the prime factors of 10348/208*(1 - -7).
2, 199
Let m(o) = o**3 - o**2 + 2*o - 5. Suppose 0 = 6*f - 25 + 1. What are the prime factors of m(f)?
3, 17
Suppose 14 - 3175 = -m. List the prime factors of m.
29, 109
Let d(x) be the second derivative of 5*x**3/6 - 3*x**2 - 5*x. Let q be d(6). Let g = q + -4. List the prime factors of g.
2, 5
Let w(a) = 3*a - 6. Let x be w(0). Let i(p) be the second derivative of -p**5/20 - 5*p**4/12 + 2*p**3/3 - p**2/2 - 2*p. List the prime factors of i(x).
11
Let i = -2367 + 5492. List the prime factors of i.
5
Let v(q) = -q - 22. Let s be v(6). List the prime factors of 21/s - 2/(8/(-203)).
2, 5
Suppose 60*i = 28*i + 15264. What are the prime factors of i?
3, 53
Suppose -20 = -3*m - 14. Let b be (5 + -6)/(1/m). List the prime factors of -1 + (b + 65 - -4).
2, 3, 11
Suppose 8*i + 6*i = 4060. What are the prime factors of i?
2, 5, 29
Suppose 1706 = 4*f - 2*b, 0 = 2*b - 6 + 12. List the prime factors of f.
5, 17
Let l be 364/18 + (-20)/90. Let j(a) = a**3 - 19*a**2 - 14*a - 25. List the prime factors of j(l).
5, 19
Let h = 136 + -54. Suppose 0*r - r = -h. What are the prime factors of r?
2, 41
Let k = -18 + 23. Suppose -k*x - 16 = -141. What are the prime factors of x?
5
Let m(n) = n**2 + 6*n + 16. Suppose 0*u = -3*u - 18. List the prime factors of m(u).
2
Suppose 13*a - 12233 = 48581. List the prime factors of a.
2, 2339
Let x = 41 + -23. Let i = 27 - x. What are the prime factors of i?
3
Let s be (0 - -2)*(0 + 1). Suppose -s*y - 3*f = -2*f - 35, -15 = -2*y + 3*f. Suppose 6*p = 69 + y. What are the prime factors of p?
2, 7
What are the prime factors of 495957/198 - (-1)/6?
3, 5, 167
Let u = -3158 + 6593. List the prime factors of u.
3, 5, 229
Let s(d) be the third derivative of d**6/40 - d**5/60 + d**4/12 + 6*d**2. Let u be s(2). Suppose -u*n + 22*n = -98. What are the prime factors of n?
7
Suppose 0 = 4*p - 3*j - 171, 0*j - 214 = -5*p + 4*j. Let f = p - 2. What are the prime factors of f?
2, 5
Let h = 932 - 531. List the prime factors of h.
401
Let o = -616 - -1134. Suppose 2017 = 15*v - o. What are the prime factors of v?
13
Suppose f + 3*q - 2909 = 0, -3*q - 67 + 82 = 0. What are the prime factors of f?
2, 1447
Let v(a) = -a**3 + 16*a**2 - 8*a + 4. Let h be v(15). Let g(o) = 2*o + 5. Let y be g(5). Suppose 0 = 4*c - y - h. What are the prime factors of c?
31
Let z(l) = -7*l - 6. Let h be z(-1). Let f(d) = -1 - 3 + 2*d + 3 + 34*d**2. List the prime factors of f(h).
5, 7
Let i(j) = 3*j**2 - 8*j - 5. Let q be i(-6). Suppose -3*z = 4*x - 145, x = -3*x - 5*z + q. List the prime factors of x.
2, 17
Let k = -58 + 82. Suppose -r + 3*d - k = d, -2*d = 6. List the prime factors of (-5)/2*96/r.
2
Suppose 5*n = -2*a - 16, -a - 2 = -5*n + 3*a. List the prime factors of 243 + n/6*12/(-2).
5, 7
Let f = -36 + 10. List the prime factors of 44/52 + -1 - 420/f.
2
Let i be 4/(1/66*3). Suppose -o = -3*o + i. What are the prime factors of o?
2, 11
Let n be 5*8/20 + 73. Let m = n + -45. What are the prime factors of m?
2, 3, 5
Let p = -939 + 1713. List the prime factors of p.
2, 3, 43
Let q = 13 - 14. List the prime factors of (-49)/(3/q + 2).
7
Suppose -3*c - 3 = -9. Suppose u - 6 = 2*k, c*u - 5*k - 2 = 12. Suppose -w + 41 = 5*s, u*s = -0*s + 8. What are the prime factors of w?
3, 7
Let a = -28 - -37. Suppose 5 = 7*v - a. Suppose 22 = v*z - z + f, -2*f - 94 = -4*z. What are the prime factors of z?
23
Let t(s) = s**3 + 3*s**2 - 1. Let o be t(-2). Suppose 5*f = o*f + 2*l, -4*l = 4*f - 32. List the prime factors of f.
2
Suppose -188 = -4*y - j + 45, -5*y + 293 = 3*j. List the prime factors of y.
2, 29
Suppose 0 = -8*m + m + 1624. What are the prime factors of m?
2, 29
Let k(z) be the third derivative of -z**6/120 - 7*z**5/20 - z**4/6 - 31*z**3/6 + 4*z**2 + 3. What are the prime factors of k(-21)?
53
Let p(s) = s**3 + 16*s**2 + 14*s - 9. Let k be p(-15). Suppose -9*u + 48 = -k*u. List the prime factors of (115 - 0)*u/40.
2, 23
Suppose c + 80 = 5*c. Suppose 0 = -o - 5*t + c, 3*o - t - 14 = 14. Suppose -w + 8 = 2*k, -3*k + o = -w + k. List the prime factors of w.
2
Let w(o) = o**2 - 8*o + 3. Let c be w(8). Let y(r) = 5*r - 4*r + 36*r**3 - 3 - 37*r**c + r**2. What are the prime factors of y(-3)?
2, 3, 5
Suppose 0 = 5*y - 4040 - 3255. What are the prime factors of y?
1459
Let f(d) = -d**3 + d**2 + d - 16. Let c be f(0). Let r be (-1)/4 + 284/c. Let n = r + 90. List the prime factors of n.
2, 3
Suppose -2*q + 2 + 0 = 0. Suppose -3*g = p - 6*g + q, -4*p - 5*g + 13 = 0. Suppose -4 = -p*d + 10. What are the prime factors of d?
7
Suppose -122 = -n + 127. Suppose -5*d + 467 = 3*m, 0 = -5*m + 4*d - n + 1015. Let f = m - 110. What are the prime factors of f?
2, 11
Let x(o) = -o + 319. What are the prime factors of x(42)?
277
Suppose -2*n = -184 - 292. Suppose 0 = -4*x - 5*v + n, 0 = -7*x + 2*x + v + 283. List the prime factors of x.
3, 19
What are the prime factors of (-1)/4*-2*1036/7?
2, 37
Suppose -18 - 42 = -5*g. Let u be 3*((-16)/g - -2). Suppose -3*m + 42 = 2*v, 3*v + 46 - 135 = u*m. What are the prime factors of v?
3
What are the prime factors of 152/(-228) + 6328/6?
2, 17, 31
Let z = 41 - 11. Suppose v - 2*s + z = -2, 3*s = -4*v - 128. Let y = -13 - v. List the prime factors of y.
19
Suppose -15 = 13*f - 158. Suppose 2*h + 92 = s, -1 = 5*h - f. What are the prime factors of s?
2, 3
List the prime factors of -2*(7860/(-8) - -5).
5, 17, 23
Suppose 0 = 5*k - 2 - 58. Suppose -2*w + k = 2*w. Suppose -w*f = -5*f + 30. What are the prime factors of f?
3, 5
Let p = 6 - 4. Suppose 3*h = -p*h - 3*q + 348, 5*h = q + 344. Let y = -37 + h. What are the prime factors of y?
2
Let i(v) = 4 + v + 3 + 4. Suppose 3*j - 5*c + 12 + 10 = 0, -4*c = 3*j + 31. What are the prime factors of i(j)?
2
Let o(s) = -s**3 - 29*s**2 - 26*s + 58. Let n be o(-28). Suppose 0*k - n*c + 152 = k, 4*c + 560 = 4*k. What are the prime factors of k?
2, 3
Suppose -3 + 22 = 5*f - 3*c, -5*c - 5 = 5*f. List the prime factors of f + (306 - (-1 - -5)).
2, 19
Let q(f) = -24*f + 10. Let b be q(-3). Let g = b - 45. List the prime factors of g.
37
Let d be (-5)/(15/9) + 14. Suppose 0 = -4*w - 3*w - 35. Let o = w + d. What are the prime factors of o?
2, 3
Suppose -4*j - 2 = -0*y - 5*y, -j + y = 0. Let b be (-304)/(-12)*(-58 + (2 - 1)). What are the prime factors of b/(-18) - j/9?
2, 5
Suppose 2*p - 7*p + 4*d + 116 = 0, -4*d = -4. Suppose 38 = 2*o - p. What are the prime factors of o?
31
Suppose -38 = 4*u - 2*d, 3*u - 4*d = -8 - 8. What are the prime factors of (59 - -6)*(u/(-15) - 0)?
2, 13
Suppose -d - 286 = -2*p + 104, -d = 0. What are the prime factors of p?
3, 5, 13
Let i(m) = m**2 - 3*m + 2. Let u be i(-3). Let b = u + -17. Suppose -3*w - 19 = -p, 5*p + 12 = b*p - 4*w. What are the prime factors of p?
2
Let m be (-54)/(-10) + (-2)/5. Suppose m*j = 2*j + 342. Suppose 5*g - 2*g - j = 0. What are the prime factors 